v + a. Let o be x(v). What is the greatest common divisor of o and 10?
10
Let p(f) = f**2 - 9*f - 1. Let w be p(11). Let b be 88/6*w/2. Suppose 0 = -3*m + 38 + 28. What is the greatest common factor of b and m?
22
Let l(q) = 56*q. Let i be -2*(-3)/12*16. Let c be (-2 + 4)*4/i. Let v be l(c). What is the greatest common divisor of v and 14?
14
Let t be 1/(-1)*(-5 + -1 + 5). Calculate the greatest common factor of t and 5.
1
Let y be 1/(-5) - (-122)/10. What is the highest common factor of y and 36?
12
Let g(v) = v**3 - 5*v**2 - 5*v - 6. Let b be g(6). Suppose -1 - 1 = 2*o. Let k be b - -34 - (-2)/o. Calculate the highest common divisor of k and 16.
16
Suppose 0 = -4*u + 2*i + 36, -10*u + 8*u + 4*i + 24 = 0. Suppose 6*t - 3*t - 168 = 0. What is the greatest common divisor of t and u?
8
Let w = 3 + -8. Let c = w + 12. What is the greatest common divisor of 28 and c?
7
Suppose 0 = -6*q + 2*q + 8. Suppose -q*x + x = -1. What is the greatest common factor of x and 1?
1
Let w = -2 + 9. What is the greatest common divisor of w and 21?
7
Let v = -11 - -14. Suppose v*k - 80 = k. Calculate the highest common factor of k and 10.
10
Let r be ((-9)/(-2))/(2/4). Let g be (-3)/(-4) + 1/4. Calculate the greatest common factor of r and g.
1
Let l = -5 + 9. Suppose -2*f + 34 = l. Calculate the greatest common divisor of f and 15.
15
Let s be 12*1*1/1. Let z be (-78)/(-8) + 3/s. Suppose -18 - 4 = -4*r + 2*u, -5 = 5*u. What is the highest common divisor of r and z?
5
Suppose 0 = 5*f + 4*k - 4, 4*f + 5*k + 4 = -0*f. Suppose 0 = f*x + x - 315. Calculate the highest common divisor of 9 and x.
9
Let r be -18*1*5/(-10). What is the greatest common divisor of 63 and r?
9
Let y be (-1 - -2)*(19*-2)/(-2). What is the highest common factor of y and 57?
19
Suppose 241 - 12 = 3*d - 2*k, 5*k = 5*d - 390. Suppose 5*j = d + 17. Let a = 179 - 125. What is the greatest common divisor of a and j?
18
Suppose 2*c = -4*i + 678, 5*i + 4*c - 855 = -c. Let w(h) = h**2 - h + 1. Let y be w(5). Calculate the greatest common factor of y and i.
21
Let r(z) = z - 1. Let y be r(-4). Let p be (30 - -1) + 3 + y. Calculate the greatest common divisor of 232 and p.
29
Let p be -30 + -2*(-1 - -2). Let g = -22 - p. Suppose -g = -5*c + 25. What is the greatest common factor of 28 and c?
7
Let q(j) = -4*j**3 - 2*j**2 + j + 2. Let d be q(-2). What is the highest common divisor of 120 and d?
24
Suppose 7*m = 4*m - 2*k - 17, 2*m + 4 = -5*k. Let i = 2 - m. Calculate the greatest common divisor of i and 27.
9
Suppose 2*z = -4*o + 142, -o + 23 = -z - z. Calculate the greatest common factor of o and 3.
3
Let o = 43 + 74. Suppose 15 = -3*k - 9. Let i = 21 + k. Calculate the highest common divisor of o and i.
13
Let m = 41 + 10. Let o be (m/(-4))/((-2)/24). Calculate the highest common factor of o and 17.
17
Let p(i) = -i**3 + 6*i**2 + 5*i + 3. Suppose -5*m = -2*m - 18. Let b be p(m). What is the greatest common divisor of 11 and b?
11
Let g be (18/(-32)*-12)/((-2)/(-8)). Calculate the highest common divisor of g and 108.
27
Let c = 7 - 3. Calculate the highest common factor of c and 44.
4
Let m = 30 - 11. What is the greatest common factor of m and 209?
19
Let z = -14 + 32. Calculate the greatest common divisor of 126 and z.
18
Let m be -2 + (1 - -3*9). What is the highest common divisor of m and 13?
13
Suppose q = -d + 3, 3 + 12 = 3*q - 3*d. Let f = 4 + q. Calculate the greatest common divisor of f and 64.
8
Suppose 3*g = -594 + 828. What is the greatest common factor of 6 and g?
6
Let r = 78 + 97. Calculate the greatest common divisor of 25 and r.
25
Suppose 3*w - 858 = -3*w. Calculate the highest common divisor of 13 and w.
13
Let m(o) = 9*o**3 + o**2 - 2*o + 1. Suppose -2*h + 0*h + 2 = 0. Let p be m(h). What is the highest common factor of 9 and p?
9
Suppose 0 = s - 5*p + 2, s - 3*p - 6 = -6*p. Let c(w) = 29*w - 6. Let y be c(6). Suppose s*k - k = y. What is the highest common factor of 12 and k?
12
Let y(a) = -3*a**2 - a + 1. Let m be y(-2). Let p = -4 - m. Suppose 2*o - p*n = -0*n - 23, 2*o + 3*n = 17. What is the greatest common divisor of 7 and o?
1
Let u be (1/(-2))/((-2)/(4*99)). What is the greatest common divisor of 9 and u?
9
Suppose -4*w = 4*g - 324, -2*w = -w - 3*g - 101. Let c = w + -45. Suppose 0 = -t - 14 + c. Calculate the greatest common divisor of t and 9.
9
Let f(d) = 4*d**2 - d - 4. Let g be f(-3). Suppose 36 = 5*p - 14. Suppose 3*h - q - p = 0, -4*q + 13 = -7. What is the greatest common divisor of h and g?
5
Let c be (-7)/(-2)*(1 + 7). Suppose 145*v - 162*v = -476. Calculate the greatest common factor of v and c.
28
Let d = -8 - -10. Let k = 4 - d. What is the greatest common factor of 4 and k?
2
Let n be 4/2*(-36)/(-8). Suppose 0 = 3*t - 4*t + n. What is the highest common factor of t and 3?
3
Let b = 31 - 21. What is the highest common divisor of b and 35?
5
Let b(h) = -5*h + 0*h + h**3 + 5*h**2 - h. Let m be b(-5). Calculate the greatest common divisor of m and 15.
15
Suppose 4*i - 5*z - 3 = -2, -4*i - 3*z = -25. Let y = 12 - 10. Calculate the highest common factor of i and y.
2
Let s be 1 + -1 - (-8 + 8). Suppose i - 12 + 3 = s. Let t(g) = g**3 + 7*g**2 + 3*g + 1. Let w be t(-5). What is the highest common divisor of w and i?
9
Suppose 8*k - 3*h - 45 = 5*k, -5*h - 3 = k. Calculate the greatest common factor of k and 240.
12
Suppose 3*h = -3 + 12. Suppose -4*y - k + 50 = y, 0 = 2*y - 3*k - h. Let b = y - 5. Calculate the highest common factor of b and 1.
1
Let t be 34/4 - 9/18. Calculate the greatest common divisor of 64 and t.
8
Let a be ((-9)/4)/(4/(224/(-7))). What is the highest common factor of 2 and a?
2
Suppose s - 8 = 2*c, 0 = 2*c + 5 - 3. Calculate the highest common factor of s and 15.
3
Let f be 2/4*2*(-1 - -34). Calculate the greatest common factor of f and 297.
33
Let g be -2 - 1 - (-7 + 0/(-3)). Suppose 4*t + 24 = 6*t. Suppose -q = 3 - 5, 2*q - t = -u. What is the highest common divisor of u and g?
4
Let y be (-11)/4*-18*4. What is the highest common divisor of y and 18?
18
Suppose 2*v - v = 21. What is the greatest common factor of v and 3?
3
Suppose 0*y - 82 = -y. Let q = -39 + 91. Let u = y - q. Calculate the greatest common factor of 45 and u.
15
Suppose 0*t + t = 0. Let c = t - -2. Suppose c*v + 36 = 5*v. Calculate the greatest common factor of v and 48.
12
Let p(z) = -3*z - 46. Let b be p(-18). Calculate the highest common divisor of 32 and b.
8
Let b = -55 + 77. Calculate the highest common factor of 44 and b.
22
Let v be (-54)/5 - 2/10. Let o = v + 29. Let z be 7/1*o/21. Calculate the greatest common factor of z and 4.
2
Let r = 35 - 21. Calculate the greatest common divisor of r and 2.
2
Suppose -108 = -12*c + 8*c. What is the greatest common divisor of c and 9?
9
Let p = -22 - -61. Calculate the greatest common factor of p and 13.
13
Let w(t) = t**2 + 3*t - 6. Let j be w(-6). What is the greatest common factor of 30 and j?
6
Let p = -2 - -25. Let n(k) = -9*k**2 + 23. Let b be n(0). What is the highest common divisor of b and p?
23
Suppose -3*o = -5*r - 5*o - 2, o = -1. Suppose -6*y + y - 4*k + 309 = r, -2*k - 8 = 0. Let j be 4 - 6/2 - -12. What is the greatest common factor of y and j?
13
Let d be (4*5/(-40))/((-1)/58). Calculate the highest common divisor of d and 29.
29
Suppose t = -2*f + 1 - 2, 0 = 2*f + 2*t + 2. Suppose 2*w - w - 243 = f. Calculate the highest common factor of w and 27.
27
Let m = 25 - 17. Suppose -3*d + 5*g + 1 = 0, 3*d - 5*g = -d - 2. Let t be 21/d*(1 + -9). Calculate the greatest common divisor of t and m.
8
Suppose -5*g + 451 - 171 = 0. Suppose -w = 2*w - 24. Calculate the greatest common factor of g and w.
8
Suppose -4632 = -0*v + 3*v. Let y be v/(-24) - (-2)/(-6). What is the highest common factor of y and 16?
16
Suppose -5*x + 2 - 7 = 0. Let o be (-3)/3*(0 + x). Let t be ((-4)/(-6))/(o/18). Calculate the highest common divisor of 96 and t.
12
Let a = 57 - 28. Calculate the highest common divisor of a and 116.
29
Suppose 21*t + 90 = 27*t. What is the greatest common factor of 1 and t?
1
Let z be 9/3*(-2)/(-6). What is the greatest common factor of z and 7?
1
Let a be (-1970)/(-45) + 2/9. What is the highest common divisor of 22 and a?
22
Suppose -x + 145 = -4*t, x - 175 = -0*x - 2*t. Calculate the highest common divisor of 15 